e
Is 459551 composite?
True
Is 343669 prime?
False
Is 25989 prime?
False
Is 159311 a prime number?
True
Is 4111 a prime number?
True
Is 234471 a composite number?
True
Is 684979 prime?
False
Is 293399 a prime number?
True
Is 1025143 composite?
True
Is 23369 a composite number?
False
Is 99227 a prime number?
False
Is 20411 a composite number?
False
Is 53027 a prime number?
False
Is 149557 composite?
True
Is 3687 a prime number?
False
Is 276565 a prime number?
False
Is 3242999 a composite number?
False
Is 655981 composite?
True
Is 428561 a composite number?
True
Is 371831 prime?
True
Is 92023 composite?
True
Is 77189 composite?
True
Is 6089 a prime number?
True
Is 1867469 a prime number?
True
Is 28387 composite?
False
Is 172279 a composite number?
False
Is 157697 prime?
False
Is 2959 composite?
True
Is 27205 a prime number?
False
Is 22961 prime?
True
Is 134467 a prime number?
False
Is 3491 a prime number?
True
Is 29794 composite?
True
Is 552961 a composite number?
True
Is 4055423 a prime number?
True
Is 3127715 composite?
True
Is 286927 prime?
True
Is 13129 a composite number?
True
Is 87979 a composite number?
True
Is 331 a composite number?
False
Is 128866 a prime number?
False
Is 5461 prime?
False
Is 15217 a prime number?
True
Is 33209 prime?
False
Is 38901 a prime number?
False
Is 110083 a composite number?
False
Is 15959 a composite number?
False
Is 67031 composite?
True
Is 3097 a composite number?
True
Is 46199 composite?
False
Is 662 a prime number?
False
Is 616571 prime?
False
Is 1558826 a prime number?
False
Is 13973 prime?
False
Is 743 a prime number?
True
Is 745 a composite number?
True
Is 1507327 a composite number?
True
Is 13649 prime?
True
Is 669 a composite number?
True
Is 5806 composite?
True
Is 18397 a composite number?
False
Is 218067 prime?
False
Is 18397 a composite number?
False
Is 3589 a composite number?
True
Is 19378 a composite number?
True
Is 9377 prime?
True
Is 64703 a composite number?
True
Is 3863 a prime number?
True
Is 4177 a composite number?
False
Is 9673 prime?
False
Is 21467 a composite number?
False
Is 1711 a composite number?
True
Is 877463 a composite number?
False
Is 42971 a composite number?
True
Is 61849 a composite number?
True
Is 119653 composite?
False
Is 416797 a composite number?
False
Is 18157 prime?
False
Is 23329 prime?
False
Is 2978211 a prime number?
False
Is 34495 a prime number?
False
Is 33854 a composite number?
True
Is 246469 prime?
True
Is 1478 prime?
False
Is 7541 a composite number?
False
Is 4523027 a composite number?
False
Is 41039 composite?
False
Is 1367 a prime number?
True
Is 655987 a composite number?
False
Is 9901 prime?
True
Is 569941 prime?
False
Is 37322 prime?
False
Is 32177 a composite number?
True
Is 75209 composite?
False
Is 163201 composite?
True
Is 338683 composite?
False
Is 28463 composite?
False
Is 33401 composite?
True
Is 2064754 a prime number?
False
Is 56299 composite?
False
Is 43385 a composite number?
True
Is 151049 a composite number?
False
Is 15421 a composite number?
True
Is 300791 composite?
True
Is 1575185 a composite number?
True
Is 636843 composite?
True
Is 57683 a prime number?
False
Is 350043 a prime number?
False
Is 81457 a prime number?
True
Is 19571 composite?
False
Is 1023299 prime?
True
Is 199451 composite?
True
Is 102133 a composite number?
True
Is 79955 composite?
True
Is 132283 a prime number?
True
Is 58129 composite?
False
Is 625883 prime?
True
Is 57335 a prime number?
False
Is 30697 composite?
False
Is 182747 prime?
True
Is 22051 prime?
True
Is 9923 prime?
True
Is 120319 a composite number?
False
Is 134462 prime?
False
Is 173429 composite?
False
Is 2137 a composite number?
False
Is 2543 a composite number?
False
Is 132449 prime?
False
Is 853 prime?
True
Is 28505 a composite number?
True
Is 40631 a prime number?
False
Is 1527953 a prime number?
False
Is 34319 composite?
False
Is 27589 a composite number?
True
Is 152597 a prime number?
True
Is 14621 a prime number?
True
Is 1087 a composite number?
False
Is 573 a prime number?
False
Is 2138671 a composite number?
False
Is 7663 a composite number?
True
Is 10903 a prime number?
True
Is 11483 a composite number?
False
Is 369437 a prime number?
False
Is 59567 a composite number?
False
Is 38993 composite?
False
Is 87734 a prime number?
False
Is 102421 a composite number?
True
Is 993 a prime number?
False
Is 75679 prime?
True
Is 32921 a composite number?
True
Is 3449 composite?
False
Is 40633 a composite number?
True
Is 387085 composite?
True
Is 2102 a prime number?
False
Is 8287 prime?
True
Is 172303 prime?
False
Is 65201 a composite number?
True
Is 85223 composite?
False
Is 119783 a prime number?
True
Is 6457 a composite number?
True
Is 38859 composite?
True
Is 305741 a prime number?
True
Is 5259 prime?
False
Is 140627 a composite number?
False
Is 4421 a prime number?
True
Is 15074 a prime number?
False
Is 10487 a composite number?
False
Is 75329 a composite number?
False
Is 229681 a prime number?
True
Is 17033 a composite number?
False
Is 8497 a composite number?
True
Is 93511 composite?
True
Is 217541 prime?
False
Is 16123 composite?
True
Is 2777 a composite number?
False
Is 10279 composite?
True
Is 21247 a composite number?
False
Is 166781 composite?
False
Is 73551 composite?
True
Is 20459 prime?
False
Is 8903 a prime number?
False
Is 452497 a prime number?
True
Is 278539 a composite number?
True
Is 185401 composite?
False
Is 34819 a prime number?
True
Is 647 a prime number?
True
Is 47459 a composite number?
False
Is 278243 a composite number?
True
Is 3839315 a prime number?
False
Is 14971 prime?
False
Is 94307 a prime number?
True
Is 1000673 a composite number?
True
Is 637671 a composite number?
True
Is 11027 prime?
True
Is 394123 a prime number?
True
Is 8767 prime?
False
Is 6347 a prime number?
False
Is 9719 a prime number?
True
Is 230401 prime?
False
Is 344291 composite?
False
Is 191929 composite?
False
Is 23015 a composite number?
True
Is 417863 a composite number?
False
Is 99961 prime?
True
Is 69761 composite?
False
Is 42259 composite?
True
Is 18101 a prime number?
False
Is 27457 a composite number?
False
Is 57053 a prime number?
False
Is 37799 prime?
True
Is 23143 prime?
True
Is 73642 a prime number?
False
Is 2699 a prime number?
True
Is 33 a prime number?
False
Is 2407 a composite number?
True
Is 269627 prime?
False
Is 466153 a prime number?
True
Is 5305 a composite number?
True
Is 566177 composite?
True
Is 551 a composite number?
True
Is 1073 a composite number?
True
Is 13289 composite?
True
Is 56965 prime?
False
Is 2025899 prime?
True
Is 86753 prime?
True
Is 20019 prime?
False
Is 188519 a composite number?
False
Is 33547 a prime number?
True
Is 210229 a composite number?
False
Is 7555 a prime number?
False
Is 1569718 prime?
False
Is 53303 prime?
False
Is 5737 a prime number?
True
Is 104827 a composite number?
False
Is 293543 composite?
False
Is 17033 prime?
True
Is 16181 a composite number?
True
Is 12661 a composite number?
True
Is 521039 prime?
True
Is 36671 composite?
False
Is 1367 prime?
True
Is 203 a prime number?
False
Is 271043 composite?
False
Is 33227 a prime number?
False
Is 1184151 a composite number?
True
Is 222193 a composite number?
False
Is 447859 a prime number?
True
Is 71479 composite?
False
Is 982329 composite?
True
Is 2843 composite?
False
Is 31289 a composite number?
True
Is 10697 prime?
False
Is 141761 a composite number?
False
Is 58987 a prime number?
False
Is 814559 prime?
True
Is 6209 a composite number?
True
Is 118861 prime?
True
Is 346501 prime?
True
Is 308201 prime?
False
Is 7003 a prime number?
False
Is 76207 a prime number?
True
Is 66713 composite?
False
Is 690267 a prime number?
False
Is 49447 a composite number?
True
Is 7617 composite?
True
Is 57457 prime?
True
Is 991639 a composite number?
True
Is 19919 a prime number?
True
Is 70813 a prime number?
False
Is 373903 a prime number?
True
Is 1655 prime?
False
Is 669 prime?
False
Is 9587 a prime number?
True
Is 128813 composite?
False
Is 1535 a composite number?
True
Is 6319 a prime number?
False
Is 9799 a composite number?
True
Is 5403 a prime number?
False
Is 2417 composite?
False
Is 282959 a composite number?
False
Is 9133 a prime number?
True
Is 18013 prime?
True
Is 67207 composite?
True
Is 162395 a prime nu